= h - 0*h + g, 0 = -h - 2*g + 9. Let p be w(h). Let b be (-342)/(-36) + 5/(-2). Calculate the greatest common divisor of b and p.
7
Let n(h) = 11*h**2 + 622*h + 25. Let m be n(-57). Calculate the greatest common factor of 10 and m.
10
Let s be -2 + 4 + 0 + 726. Let m = -21969 + 21976. What is the highest common factor of m and s?
7
Let q(p) = -p**2 - p + 2. Let x be q(-3). Let r = x + 17. Let c(g) = g**2 + 8407*g - 50465. Let m be c(6). Calculate the greatest common factor of r and m.
13
Suppose -357*f - 16464 + 62812 = -39332. What is the highest common factor of f and 3300?
60
Suppose -152 = 6*n - 2*n. Let g = 182 + n. What is the greatest common divisor of 4 and g?
4
Suppose 4*l - 10 - 12 = -2*b, -5*b = -l + 11. Let v be (l + -3 - 8)*-60. What is the greatest common factor of v and 36?
12
Suppose 1432 = 221*l - 225*l. Let h = l + 360. Calculate the highest common divisor of h and 4.
2
Let z(k) = k**2 + 34*k - 70. Let h be z(-36). Suppose -13 - 47 = -3*c - h*j, c + 4*j = 10. What is the greatest common divisor of 55 and c?
11
Let y = 4 - 2. Suppose 13 + 5 = 2*v - 4*m, -2*v - 2*m + 6 = 0. Suppose 5*r - 39 = -3*k, -k + y*r = -v*k + 38. Calculate the greatest common factor of 32 and k.
8
Suppose -3*h + 35 = 5*m, 5*m - 6*m = -4. Let b(x) = 3*x + 85. Let c be b(0). What is the highest common factor of h and c?
5
Let n = -72 + 647. Let l = 273 - 223. Calculate the greatest common divisor of l and n.
25
Let u(s) = -33*s - 2. Let g = -17 + 16. Let y be u(g). Let k be (-1)/3 - (-3725)/15. Calculate the greatest common factor of k and y.
31
Suppose 2*g = -2*g + 1536. Let r be (15232/84)/17*(-18)/(-8). What is the greatest common factor of r and g?
24
Let p = 78 + -48. Let b = 25 + -46. Let w = b + p. Calculate the greatest common factor of 1 and w.
1
Let w(v) = 81*v + 9. Let f be w(7). Suppose -6*i - f = 2*i. Let g = 122 + i. Calculate the highest common divisor of g and 75.
25
Let r be 4/(-26) + 496230/(-546). Let m = r - -997. What is the highest common divisor of m and 66?
22
Let m(x) = 43*x**2 + 21*x + 23. Let k be m(-1). Calculate the greatest common factor of 320 and k.
5
Let r(b) = 3*b + 32. Let x be r(10). Calculate the highest common divisor of x and 403.
31
Suppose -8*q - 11*q - 19 = 0. Let i be 18/6 + -1 + (q - -55). Calculate the highest common factor of i and 140.
28
Let q = -307 - -607. Suppose -q = -7*b + 64. Calculate the greatest common factor of b and 572.
52
Let q(z) = -z**3 - 5*z**2 - 4*z - 9. Let a be q(-6). Suppose 2*w - 233 = -a. Let t = -1559 - -1572. Calculate the highest common factor of t and w.
13
Let m(d) = -d**3 - 6*d**2 + 27*d + 10. Let b(t) = -5*t + 90. Let z be b(20). Let l be m(z). Calculate the highest common divisor of 60 and l.
20
Let u be 30/(-9)*(-12)/10. Suppose -66 = -u*t - 62. Let a be -3 - (t/3)/((-5)/195). What is the greatest common divisor of a and 90?
10
Let u = 45 - 40. Let r be ((-34)/u)/(16/(-80)). Calculate the highest common divisor of 238 and r.
34
Suppose -218*q + 83 = -4059. Calculate the greatest common divisor of q and 10697.
19
Suppose -27*f + 5510 = -25*f. Let n be (-4)/18 + (-1 - f/(-45)). Suppose -r = -4*r + n. Calculate the greatest common divisor of r and 5.
5
Suppose -3*m + 6*m = 420. Let g = m - 68. Let i(z) = -z**2 - 7*z - 3. Let w be i(-4). What is the greatest common divisor of g and w?
9
Suppose 135 = 6*z - z. Suppose 28*i - z*i = 15. Suppose -63 - 147 = -2*j. What is the highest common factor of j and i?
15
Let p = 5 + -8. Let h be p/1*56/(-6). Let d(q) = q**3 - 67*q**2 - 136*q + 170. Let c be d(69). What is the highest common divisor of h and c?
28
Let l(r) = r + 7. Suppose 2*g = 28 - 2. Let q be l(g). What is the highest common divisor of q and 5?
5
Suppose 3*y - 2*c - 557 = -133, 0 = -y - 2*c + 152. Let j = y - 138. Calculate the highest common factor of 6 and j.
6
Let u(s) be the second derivative of 2*s**3/3 + 24*s**2 - 83*s. Let f be u(-8). Calculate the greatest common divisor of f and 144.
16
Let j(t) be the third derivative of -t**4/8 + t**3/2 - 19*t**2. Let c be j(11). Let f = -9 - c. What is the greatest common factor of f and 6?
3
Let u be (8/20)/((-3)/30). Let r = 21 - u. Let g = -24 + r. Calculate the highest common factor of g and 5.
1
Let x = 2549 + 2597. What is the greatest common factor of x and 62?
62
Let z = 149 + -97. Let h = z - 18. Let g = 46 - h. What is the highest common divisor of g and 32?
4
Suppose -3*r + 25*r = 4400. Calculate the highest common factor of r and 675.
25
Suppose 7*i - 61 - 51 = 0. Let p(z) = i - 15 + 4*z**2 + 3*z + z**3 + z**2. Let g be p(-3). What is the greatest common factor of 40 and g?
10
Let f(h) = -35 + 1139*h + 8*h**2 + 20 - 44 - 7 - 1162*h. Let j be f(-6). What is the highest common divisor of 4 and j?
4
Suppose 0 = 150*k + 50*k - 41*k - 5088. What is the highest common factor of k and 216?
8
Suppose 0 = -4*v + 8*v + 2*l - 1992, 3*v - 1492 = -2*l. Suppose -2*z + v = 4*d, 3*d + 7*z - 372 = 4*z. What is the greatest common divisor of 168 and d?
42
Let u(i) = 91*i**2 + 152*i + 298. Let t be u(-2). Calculate the highest common divisor of t and 13067.
179
Suppose 184 = 34*l - 258. Calculate the greatest common divisor of 4 and l.
1
Let b = -7800 + 7930. What is the highest common factor of 4810 and b?
130
Let d be 29/(522/48)*24/1. What is the highest common factor of d and 1056?
32
Let p = 8813 + -5327. What is the greatest common factor of 42 and p?
42
Let k be 0/1 - (-35 - -1). Let w = 410 + -355. Let l be 1020/w*44/8. What is the greatest common divisor of k and l?
34
Suppose 0 = -q + 6*q - 2*i - 548, 0 = q - 4*i - 106. What is the greatest common divisor of q and 1045?
55
Suppose 3526 = 38*x - 2402. What is the greatest common factor of x and 3536?
52
Let c be 33 + 2/(-4 - -2). Let w(j) = j**2 - j - 25. Let q be w(-5). Suppose r + 4*h = 56, -99 = -q*r - h + 219. What is the greatest common factor of c and r?
32
Suppose -267*y + 272*y - 720 = 0. What is the highest common factor of 270 and y?
18
Suppose -s = 5*g - 46, -2*s + 4*s = -g + 2. Let z = 11 - g. Let b be (4 - (-9)/3)*z. What is the greatest common divisor of b and 35?
7
Let i = 2929 + -1664. What is the highest common divisor of 115 and i?
115
Let n = -1891 - -2266. What is the greatest common divisor of 150 and n?
75
Let z(h) = -211*h - 1540. Let k be z(-29). What is the greatest common divisor of k and 19?
19
Suppose 7*i + 3*i - 920 = 0. Let v = i - 88. Let d(j) = 28*j - 37. Let a be d(v). What is the greatest common divisor of 15 and a?
15
Let d(h) = -6*h**2 - 7*h - 8. Let w be d(-6). Suppose -25*y = -28*y + 1734. Let u = y + w. Calculate the highest common divisor of u and 44.
44
Suppose -2*l - 18*l + 19420 = 0. Suppose -l = -17*f + 661. What is the greatest common factor of f and 24?
24
Let j be (15 - 3)/6 + (1 - -48). Suppose 3*m = 78 - j. Calculate the greatest common divisor of 153 and m.
9
Suppose 4*t = 219 - 51. Let g(f) = -f**3 - 3*f**2 + 6*f + 8. Let a be g(-5). Let c = 42 - a. Calculate the greatest common divisor of t and c.
14
Suppose -3*u = -4*g - 14, 64*g = 63*g + 5*u - 29. What is the greatest common factor of 5 and g?
1
Let b = 173 + 347. Suppose -12*m = 8*m - b. Calculate the highest common factor of m and 39.
13
Suppose -3*m + 219 = 2*v - 0*v, m = 1. Suppose -7*b + v = -60. Let g be 122 - (-2 + (1 - -3)). Calculate the highest common divisor of g and b.
24
Suppose 0 = -5*t - 7*d + 8*d + 30312, t - 2*d = 6066. What is the greatest common factor of t and 14?
14
Suppose 8*h = 10*h, 4*u - 2*h = 924. Let c be u/(8 - 9)*-1. Calculate the highest common factor of 264 and c.
33
Let b = -2064 - -4816. What is the highest common factor of 128 and b?
64
Let d = 445 - 259. Calculate the highest common factor of d and 1798.
62
Suppose 392 = 43*b - 2188. Calculate the highest common divisor of b and 165.
15
Let t(a) = -365*a - 1093. Let f be t(-3). Calculate the highest common factor of 446 and f.
2
Let t(v) = 283*v + 7. Let k be t(0). Calculate the greatest common divisor of k and 8547.
7
Let n = -166 + 174. Let z = 1195 + -1193. Calculate the greatest common factor of z and n.
2
Let b be (-842)/(-6) + (-2)/6. Let j = -151 + 153. Suppose -2*f = 2*z + 2*f - 24, 0 = j*z - f - 44. What is the highest common divisor of b and z?
20
Suppose -3*z - 4*j - 8 = 0, 0 =